 -50 - -112. Suppose 3*u + m = 2*m + o, 4*u - 61 = -3*m. Calculate the remainder when c is divided by u.
17
What is the remainder when (0 - (1 + -2))*(9 - -25) is divided by (-13)/(-2) - (-2)/(-4)?
4
Suppose 136 = -28*n + 30*n. What is the remainder when 133 is divided by n?
65
Let v(m) = -3*m + 36. Suppose -2*f - 20 - 10 = 0. Let t = 13 + 15. Calculate the remainder when v(f) is divided by t.
25
Let t = 669 + -473. What is the remainder when t is divided by 19?
6
Suppose 0 = -h - 2*n - 2*n + 23, -3*n = -3*h - 6. Suppose -c - h*v + 2*v = 5, c + 13 = -5*v. Calculate the remainder when 85 is divided by ((-6)/9)/(c/99).
19
Suppose 4*m - 171 = 3*c, -15*m - 5*c + 37 = -14*m. Calculate the remainder when m is divided by 12.
6
Suppose 3*u - 66 = 72. Suppose 0 = 2*w - u - 2. Let l = -2773 + 2866. Calculate the remainder when l is divided by w.
21
Let c(g) = -g**2 - 22*g - 12. Let w be c(-19). Let m = 1 + 3. Calculate the remainder when ((-3)/9 - -1)/(2/w) is divided by m.
3
Suppose u = -3*k + 46, -116 = -4*u - 3*k + 32. What is the remainder when 300 is divided by u?
28
Suppose 2*t - 42 = -t. Suppose 4*x + 5*s - t = -3, 2*x - 9 = s. Let p = x - -5. Calculate the remainder when p is divided by 5.
4
Let o = 83 + -56. Suppose o*m - 30*m + 39 = 0. Calculate the remainder when 16 is divided by m.
3
Suppose 4*i - h + 132 = 3*h, -i + 3*h - 23 = 0. Calculate the remainder when 3*3/(-9)*i is divided by 14.
10
Let b = 7 + 10. Let v(m) = 8*m**3 - 2*m**2 - m + 2. What is the remainder when b is divided by v(1)?
3
Let q = 45 - 63. Let f = q - -24. What is the remainder when f is divided by 3?
0
Let w = 325 + -299. What is the remainder when 360 is divided by w?
22
Suppose -6 = -2*f, 2*f = -c + 6 + 27. Suppose 0 = 5*y - 31 - 19. What is the remainder when c is divided by y?
7
Let o = -159 - -179. Calculate the remainder when 137 is divided by o.
17
Suppose 0*o + 6*g = 2*o - 74, o = -5*g - 11. Let t(c) = c**3 - 4*c**2 + 4*c - 2. What is the remainder when t(6) is divided by o?
18
Let t = 26 + -26. Suppose t = -5*w - 5*u + 125, 2*w - 5*u = w + 25. What is the remainder when w is divided by 7?
4
Suppose 0 = 5*h + k - 366, -3*h + 4*k + 213 = -2. Suppose h*o = 72*o + 111. What is the remainder when o is divided by 57?
54
What is the remainder when 1/(-2 - (-129)/63) is divided by 1 - (-3 + -6 - (-5 + 3))?
5
Suppose m - 19 = -1. Let x = 119 - 33. Calculate the remainder when x is divided by m.
14
Let t be 8/12 + 26/6. Let g = -2 + t. Suppose -6*f = -g*f - 165. Calculate the remainder when f is divided by 14.
13
Let s be (3/(-3))/1 - -3. Let q = -16 - -25. Calculate the remainder when q is divided by s - (3 + -3 + -4).
3
Suppose m = 8 + 11. Suppose 350*w - 340*w = 235 + 135. What is the remainder when w is divided by m?
18
Suppose 0 = 9*b - 10*b - z + 19, 5*z + 33 = 3*b. Calculate the remainder when b is divided by ((-27)/(-6))/(2/4).
7
Suppose -5*c = -2*c - 12. Let z(a) = a**3 - 1. Let i be z(1). Suppose i*j + c*q + 55 = j, -5*q - 245 = -5*j. What is the remainder when j is divided by 8?
7
Let g(d) = 3*d**2 - 8*d + 7. Let n(y) = -6*y**2 + 15*y - 13. Let j(o) = -7*g(o) - 4*n(o). What is the remainder when 29 is divided by j(2)?
1
What is the remainder when 43 is divided by 2 - 3 - (-14 - -7)?
1
Calculate the remainder when 17 is divided by 3*(4/(-6) - (1 - 5)).
7
Suppose 4*j - 241 = -3*b, -3*j = 14*b - 12*b - 180. What is the remainder when 121 is divided by j?
5
Suppose -2*i = 5*l + 35, 2*i - 3*l + 43 = -0*l. Let r be (2 + i)*40/15. Let d = r + 86. What is the remainder when d is divided by 10?
8
Let l = 22 - -6. Suppose 6*z - 8 - l = 0. What is the remainder when 12 is divided by z?
0
Suppose 2*j = l + 72, -5*j + 3*l - 4*l + 187 = 0. Calculate the remainder when j is divided by (-4)/(-10) - (-3402)/270.
11
Let q = 159 + -151. Let h = -2 + 5. Let i(k) = k**3 - k**2 - 3*k - 4. What is the remainder when q is divided by i(h)?
3
Let b = 21 - 15. Let y = b + -1. Suppose y*k - 200 = 2*x, 4*k - k - 104 = -2*x. What is the remainder when k is divided by 8?
6
Suppose 0 = h + 3*o + 73, 4*o + 5 = -11. Let y = 101 + h. What is the remainder when 47 is divided by (32/y)/((-1)/(-30))?
23
Let n(w) = -18*w + 5. Let x be n(-1). Suppose -34 = 21*c - x*c. Calculate the remainder when c is divided by 5.
2
Suppose 8 = -4*k - 16. What is the remainder when 10/4*(-24)/(-10) is divided by 20/6 + (-4)/k?
2
Let g(b) = b + 2. What is the remainder when 435/10 - ((-18)/(-12) + -3) is divided by g(2)?
1
Calculate the remainder when 164 is divided by ((-18)/7)/(-8 - (-4005)/504).
20
Let l = 67 - 36. Let n = 35 - l. Calculate the remainder when 11 is divided by n.
3
Let y = -14 - -43. Let c = y - 14. Let q(k) = -k + 1. Calculate the remainder when c is divided by q(-5).
3
Suppose 0 = 3*m + 3*g - 165, -m - 4*g + 60 = 11. Calculate the remainder when 111 is divided by m.
54
Suppose 431 = k - 4*x, 16*k - 20*k = 2*x - 1634. Calculate the remainder when k is divided by 18.
15
Suppose -i + 127 = -321. Suppose 2*s - 6*s + 3*w = -i, 2*s = 5*w + 238. What is the remainder when s is divided by 28?
25
Let c = 22 + -4. Let z = c - 14. Let j = 3 - -2. What is the remainder when j is divided by z?
1
Let u = -14 + 5. Let m(n) = -n**2 - 11*n - 6. What is the remainder when 35 is divided by m(u)?
11
Let i be 4/(-12) + (-40)/(-3). Suppose -c + 7 = j, j + 12 = 3*c - i. Suppose -2*r - 348 = -14*r. What is the remainder when r is divided by c?
5
Suppose -4*i + 145 = -0*i - 3*b, -188 = -5*i - 3*b. Let l = 50 - i. What is the remainder when l is divided by 8?
5
Let d(u) = -6*u + 29*u + u - 2. What is the remainder when d(3) is divided by 11 - (3 - (-7 - -17))?
16
Let t = -28 + 22. Let r be 0 - t*2/3. Suppose 0 = 5*z + 9 - r, 3*g + 3*z - 180 = 0. Calculate the remainder when g is divided by 16.
13
Suppose -1005 = -2*s + u, 382*u = -5*s + 381*u + 2530. What is the remainder when s is divided by 51?
46
Suppose -16*r + 14*r + 8 = 0. Calculate the remainder when 8 is divided by 3/r*(0 + 4).
2
Suppose 5*j - 58 = 72. Suppose 490 = 13*n - 1187. Calculate the remainder when n is divided by j.
25
Let r = 27 - 13. What is the remainder when 735/r - 1/(-2) is divided by 8?
5
Let u = 339 + -275. What is the remainder when u is divided by 4?
0
Let y = 42 - 26. Calculate the remainder when 8/40 - 449/(-5) is divided by y.
10
Let g be (16/(-10) + 2)*5. Suppose -g*p - 78 = -5*p. What is the remainder when p is divided by (-8)/(-20) - 66/(-10)?
5
Suppose 5*v = 77 - 27. Suppose 528 = -12*l + 18*l. What is the remainder when l is divided by v?
8
Suppose 0 = -5*w - 508 + 2263. Calculate the remainder when w is divided by 16.
15
Let u = -100 + 192. Suppose 61*v - 57*v = u. Calculate the remainder when v is divided by 3.
2
Let y be (-30)/(-10)*(-3)/(-9)*97. Let b = y + -76. What is the remainder when 54 is divided by b?
12
Let t = 45 - 75. Let c be 100/t*3*-1. Suppose -9*y - 2 = -c*y. Calculate the remainder when y is divided by 2.
0
What is the remainder when 114 is divided by (-21 + 81)*(-1)/(0 + -2)?
24
Let r(u) = 11*u**2 - 1. Let n be r(3). Let x = -55 + n. Calculate the remainder when x is divided by 1/5*(50 - -5).
10
Let t(y) = 5*y**2 - 9*y + 4. Let p be t(3). Let a be 1/(-4) - (-147)/12. Let m = p - a. What is the remainder when 26 is divided by m?
6
Suppose 0 = 5*h + 3*u - 31, -43 = -3*h + 5*u - 4. Suppose -p = -o - 2*p + 69, -2*o + 133 = -3*p. Calculate the remainder when o is divided by h.
4
Let i(s) = 6*s**2 - s - 4. Suppose -y = -5*b - 4, -4*b = y - 28 - 3. Suppose 4*a - 7 + y = 0. What is the remainder when i(a) is divided by 18?
17
Suppose 0 = -l + 12 + 9. What is the remainder when 418 is divided by l?
19
Let k(j) = -2*j - 22. Let p = 6 + 1. Calculate the remainder when k(-24) is divided by p.
5
Let n(t) = -t**3 + 8*t**2 + 11*t - 43. Calculate the remainder when n(8) is divided by 12.
9
Suppose o - 1 = 0, -4*o = -2*d + 75 - 5. Calculate the remainder when 107 is divided by d.
33
Let l(r) = -r**3 - 5*r**2 - 21*r - 40. What is the remainder when l(-5) is divided by 6?
5
Let y be 25/125 - (-8)/10. Suppose -5*m = n - y - 2, 3*n = m + 9. Calculate the remainder when 9 is divided by n.
0
Let g(t) = -t**2 + 2*t + 3. Let c be g(3). Suppose -j = 0, 0 = x - c*x + 4*j + 46. Let u = 74 + x. What is the remainder when 82 is divided by u?
